+ 60. Is c a multiple of 8?
False
Suppose 5*m = 3*m + 16. Is ((-29)/2)/(m/(-16)) a multiple of 19?
False
Let t(s) = -s**3 + 7*s**2 - 6*s - 2. Let g be t(6). Is g/4*60/(-3) even?
True
Let h(p) = 11*p**2 - 2. Let r be h(-3). Suppose -3*c - 6*m + 4*m + 61 = 0, 0 = 5*c + m - r. Is c a multiple of 7?
False
Let n(f) = 2*f**2 + f + 20. Is n(8) a multiple of 26?
True
Suppose -g + 2*g = 18. Suppose 5*r - 33 = -2*z, -r = z + r - g. Is 12 a factor of z?
True
Let v(i) = -62*i**3 + 4*i**2 - i - 2. Let u be v(2). Does 10 divide u/(-16) - (-4)/(-16)?
True
Let c = 89 - 62. Suppose 55 = 3*b - 0*b + 4*n, 0 = -3*b + 3*n + c. Suppose -4*z + 43 = -b. Is 7 a factor of z?
True
Let d(u) = -u + 3*u**2 - 3*u**3 + 0 + 0 - 5*u**2. Let r be d(-1). Suppose -5*g + 0*g + 171 = 3*f, -r*g + 3*f + 60 = 0. Is 11 a factor of g?
True
Suppose -2*l = 4*k + 20 + 42, -l = k + 17. Is (12/7)/((-2)/k) a multiple of 6?
True
Let u be ((-10)/(-30))/(1/3). Let o be 0 + (-2)/(4/(-18)). Does 9 divide (-3)/(o/(-57)) - u?
True
Let y(q) be the second derivative of 67*q**3/6 + q**2/2 + 2*q. Let l be y(1). Suppose -d + 3*d - l = 0. Is d a multiple of 14?
False
Suppose 0 = -5*t + 270 + 95. Is 12 a factor of t?
False
Let n be (-12)/(-5) - (-2)/(-5). Let v(l) = -2*l + 4. Let o be v(4). Does 13 divide (n/o)/((-3)/174)?
False
Suppose 2*s - 1 - 1 = -u, -5*s = 3*u - 5. Let g = s - 1. Does 4 divide 1 - (-14)/(g + 2)?
True
Let h = -8 + 4. Let m be (-2076)/(-26) + h/(-26). Suppose -2*l - 4*o = -66, l + m = 5*l - 5*o. Does 17 divide l?
False
Let n = 0 - 0. Let x = 5 - n. Is 2 a factor of x?
False
Let t be 2/5 - 102/30. Let c be (t - 39)/(1*-1). Suppose -5*g + c = -48. Does 12 divide g?
False
Let o(c) = c**3 + 3*c**2 - 2*c - 2. Let w be o(-3). Suppose 29 = w*q - 31. Does 5 divide q?
True
Let p(t) = -t**3 + 8*t**2 - 6*t + 5. Suppose 3 = 3*y - 9, -4*i + 3*y = -16. Is p(i) a multiple of 3?
True
Let f(q) = 25*q - 48. Is f(5) a multiple of 11?
True
Is 22 a factor of (32/12)/(4/198)?
True
Let a be 51*-1*(-5 - -3). Let i = 165 - a. Is 24 a factor of i?
False
Does 4 divide (1007/(-57))/(2/(-6))?
False
Let b(h) = 2*h - 15. Does 7 divide b(11)?
True
Suppose 3*k - 177 - 39 = 0. Is 28 a factor of k?
False
Suppose 3*o - 26 = o. Let n = o - 8. Suppose n = -3*d + 110. Does 17 divide d?
False
Let i be (-1)/2 - (-1)/2. Let j(c) = c**3 + 9*c**2 + 8*c + 9. Let t be j(-8). Suppose -p - 2*p + t = i. Is 3 a factor of p?
True
Suppose 10 = j - c, 4*c - 19 - 1 = -j. Suppose -j = t - 4*t. Suppose 3*o + 2*o - 13 = t*x, 4*x = -o + 17. Is 3 a factor of o?
False
Let w(m) = 11*m + 9. Let o(a) = a + 1. Let r(v) = -4*o(v) + w(v). Is r(4) a multiple of 12?
False
Suppose 4*n + 3*v - 230 = 0, 5*v = n - 94 + 25. Is 10 a factor of n?
False
Suppose 5*g = 3*w + 23 + 26, 2*g - 28 = 4*w. Let f = g + -3. Suppose -2*n - 162 = -f*n. Does 18 divide n?
True
Let m(t) = t + 8. Let c be m(-8). Suppose g - 5*p = 0, -g + 5*g + 5*p = c. Suppose 4*x - 40 = -g*x. Is x a multiple of 5?
True
Suppose -5*y = -y - 20. Suppose -18 = y*i - 8*i. Is i a multiple of 4?
False
Suppose w - 40 = 2*f - 3*f, -5*w = -f + 70. Is f a multiple of 37?
False
Suppose 0 = -4*j - 4*h + 13 + 11, 2*j + 4*h = 16. Suppose -j*c - 2*z + 168 = z, -4*c + 2*z + 168 = 0. Is 13 a factor of c?
False
Let h(b) = -6*b**2 + b - 3. Let t be h(-4). Let n = -6 - t. Suppose -n = -2*z - 25. Does 18 divide z?
True
Suppose 4*r - x + 23 = 5*r, -2*r = 3*x - 45. Is 12 a factor of r?
True
Let v = -12 - -9. Is 16 a factor of v + 3 + (31 - -1)?
True
Let i = 11 + -8. Let g = -3 + i. Suppose -t - 2*t + 60 = g. Is t a multiple of 16?
False
Let j(h) = h**3 - h**2 + h - 1. Let c(w) = 7*w**3 - 13*w**2 - 4*w - 2. Let d(g) = -c(g) + 6*j(g). Let k be d(8). Let z = -4 + k. Does 4 divide z?
True
Let v(r) = 6 + 5 + r**3 - 9*r**2 - 5 - 11*r. Let d be v(10). Is 11 a factor of (-33)/d*40/15?
True
Let k be 0/2*(-1 + 2). Does 13 divide 2 - 3 - (-15 - k)?
False
Suppose 5 = -2*b + 7*b. Let s(a) be the third derivative of 19*a**5/60 + a**4/24 + a**2. Is 17 a factor of s(b)?
False
Suppose 4*a + 0*a = 1056. Is 22 a factor of 5*(a/20)/1?
True
Let s(v) = v**2 - 5*v + 6. Let t be s(3). Suppose t = -c - 33 + 78. Is c a multiple of 15?
True
Let u(x) = x**3 + 8*x**2 + x - 5. Let l be u(-5). Let b = 126 - l. Is b a multiple of 23?
False
Let w = 12 + -7. Suppose -8*c + 3*c + 5*s + 135 = 0, -4*c + w*s + 112 = 0. Is c a multiple of 11?
False
Let l = -34 - -36. Suppose 0 = 6*i - 5*i - 5. Suppose -l*t = 3*k - 46, -t - 1 - 67 = -i*k. Is k a multiple of 9?
False
Let i = -8 + 10. Suppose -i*k - 48 = -5*k. Is 5 a factor of k?
False
Let r = -25 - -49. Is 13 a factor of r?
False
Suppose 2*r + 18 = h - 2*r, 2*h + 5*r - 88 = 0. Is 26 a factor of h?
False
Let p be -7 + 0*1/2. Let g(j) = -5*j + 4. Is 13 a factor of g(p)?
True
Let g(z) = z + 7. Let i(l) = -2*l + 4. Let o be i(4). Let v be g(o). Suppose 10 = -2*q, 3*r = v*q + 7 + 26. Is r a multiple of 3?
True
Let w(u) = 7*u**2 + 10*u. Does 25 divide w(-6)?
False
Let r be 0 + 1 + (-15)/(-1). Suppose -r = -2*g + 4*q, 4*g + 5*q + 3 + 4 = 0. Suppose -g*y + 4*y - 38 = 0. Is 14 a factor of y?
False
Suppose 0 = 3*g - 25 - 14. Is 10 a factor of g?
False
Let z(g) = -2*g + 77. Is 11 a factor of z(0)?
True
Let g be (-6)/(-9) + 272/6. Suppose 2*i = -8, -5*i = -p + g - 11. Is 15 a factor of p?
True
Let f be 2*((-5)/(-1) + -3). Suppose 3*a = 2*c - 5*c, -5*c - f = 3*a. Is 2 a factor of 3*(0 + a/3)?
True
Let z be (-1)/((4/(-8))/1). Suppose 2*o - 20 = -j, -z*j - o = -21 - 16. Is 6 a factor of j?
True
Let i(y) = y**3 - 18*y**2 + 16*y + 19. Let h be i(17). Suppose -h*z + 63 = b, -3*z + 54 = -4*b - 46. Is 11 a factor of z?
False
Suppose 35 = g - 41. Suppose -119 = -5*i + g. Is 19 a factor of i?
False
Let w(j) = -20*j + 5. Let o be w(-4). Let r be (-3)/(1 + 0) + -57. Let b = o + r. Is b a multiple of 14?
False
Suppose -4*g = 4*t + g - 507, -2*g + 6 = 0. Suppose 3*i + 3*b - t = 0, -3*i - 2*i + b + 175 = 0. Is i a multiple of 18?
True
Suppose 0 = 5*a + 1 - 6. Let i be 1*(a*-2 - -2). Suppose -j + 3*j - 3*x - 42 = i, 3*x - 147 = -5*j. Is j a multiple of 13?
False
Let j = -9 - -14. Suppose j*o - 294 = 2*o. Let a = o + -56. Is a a multiple of 14?
True
Let p(f) = 27 + 3*f**2 + 0*f**2 - f**3 - 2*f**2 - f. Does 14 divide p(0)?
False
Suppose g + 0*g - 8 = 0. Does 8 divide g?
True
Suppose -5*i = -2*m + 4*m, 0 = 4*m. Suppose i = -3*k + 4*k - 4. Let z(y) = y**2 - 3*y + 6. Is 10 a factor of z(k)?
True
Let a(z) = 31*z**3 + z**2 - z + 1. Suppose 0 = 5*y - 5. Let n be a(y). Suppose u - n = -2*c, -3*c - 67 = -8*c + 4*u. Does 15 divide c?
True
Suppose -21 - 37 = -d. Does 6 divide d?
False
Let k = -39 + 66. Suppose k = 5*w - 78. Is w a multiple of 9?
False
Let w = 5 + -5. Is 5 a factor of 16 - (w/(-3) - -1)?
True
Let g(v) = -v**3 + 21*v**2 - v + 26. Does 3 divide g(21)?
False
Let u = -20 + 2. Let q = 31 + u. Let j = 20 - q. Does 2 divide j?
False
Let s(l) = -l**3 + 8*l**2 + l + 6. Let i be s(8). Suppose 5*k + 16 = -i. Does 6 divide (21 - 3)/(k/(-4))?
True
Does 19 divide (-11)/(-44) - 379/(-4)?
True
Is 6 a factor of 180/6 - (3 + -2)?
False
Is 47 a factor of 2 + 5 + -7 + 94?
True
Let b(l) = -l**2 - 16*l - 12. Is 24 a factor of b(-11)?
False
Let w = -131 - -273. Let t(x) = x**3 + 6*x**2 + 6*x + 7. Let l be t(-5). Suppose 6*m - l*m - 2*i = w, -62 = -2*m - 2*i. Is m a multiple of 12?
False
Let c(b) = -2*b - 11. Let x(t) = -10*t - 56. Let y(p) = 16*c(p) - 3*x(p). Let k be y(-7). Suppose 3*r + k = 2*g + 85, 5 = -g. Is 17 a factor of r?
False
Let v be ((-18)/8)/(-1)*-28. Let o = -36 - v. Is 9 a factor of o?
True
Let u(s) = -s**2 - 15*s + 12. Let x(h) = -2*h - 3. Let p = -7 - -11. Let d be x(p). Is u(d) a multiple of 19?
False
Let s(i) = -3*i**3 + 2*i**2 - i - 4. Let n be s(-3). Let h = -54 + n. Does 12 divide h?
False
Suppose -6 - 2 = -2*a. Suppose -2*p - 102 - 6 = -2*h, 5*p - 234 = -4*h. Suppose -a*n - m = -h, 5*n + 0*m - 70 = -3*m. Does 7 divide n?
True
Suppose 4*f = 689 - 177. Does 16 divide f?
True
Let x = -34 - -76. Suppose -2*z - x = -4*z. Is z a multiple of 7?
True
Suppose -3*k - 5*f + 30 = -4, 3*f = k - 2. Suppose 16 = 4*m + 2*s, s = 3*m - 25 + k. Suppose m*w - 2*b - 39 = 0, -2*w - 5 = 2*b - 15. Does 3 divide w?
False
Let h(s) = -6*s + 3. Let b be h(4). Does 10 divide ((-50)/7)/(3/b)?
True
Let p be (-27)/(-12) + (-3)/12. Suppose q = -p*q + 57. Le